 -k + 16. What is the units digit of k + 1 - (-9 - f)?
8
Let q be (4/(-1))/(4/(-8)). Let d = 15 - q. Suppose -d = -j + 10. What is the tens digit of j?
1
Let x be (-4)/(-14) - 60/14. Let a(d) = d**3 + 5*d**2 + 4*d + 5. Let f be a(x). Suppose 2*p = -p - f*r + 33, 26 = 2*p + 2*r. What is the tens digit of p?
1
Suppose -c = -9 + 3. What is the units digit of (-37)/(-7) + c/(-21)?
5
Let d(j) = -j**2 + 6*j - 1. Let h be d(3). Let p = h + 13. Suppose 6*v - p = 3*v. What is the units digit of v?
7
Suppose 1 = -5*y + 76. What is the tens digit of y?
1
Let r = 72 - 64. What is the units digit of r?
8
Let l = 10 - 9. What is the units digit of l?
1
Let u be ((-180)/(-8))/(9/12). Let c be (0 + 1)*5/1. Suppose 20 = c*f - u. What is the units digit of f?
0
Let f = 30 + -26. Let k = f - -44. What is the tens digit of k?
4
Let m(t) = -4*t**2 - 14*t - t**2 + 4*t**2 - 14. Let s be m(-12). Let l = s - 1. What is the units digit of l?
9
Let c(h) = -9*h**2 + h - 1. Let u(l) = l**2 + l. Let y(i) = -c(i) + u(i). Let w be ((-36)/14)/3 + 3/(-21). What is the tens digit of y(w)?
1
Let u be (-2 + 0)/(1 - -1). What is the tens digit of (-27 + 1)/2*u?
1
Suppose 2*h - 3*h = -3. Suppose -4*z + 21 = -h. What is the units digit of z?
6
Let t be (2/(-2))/(3/18). Let p = 8 + t. What is the units digit of p?
2
Let f(p) = -3*p**3 - 2*p**2 - p - 1. Let t(q) = q**2 - 2. Let u be t(0). What is the tens digit of f(u)?
1
Let h = -3 + -3. Let o(m) = m - 5*m - 4 + 3*m. What is the units digit of o(h)?
2
Suppose 2*w = 5*w - 360. Suppose -5*a + 3*u + 25 = -70, -5*a + w = 2*u. What is the units digit of a?
2
Suppose 3*c - 31 = 2*l + 3*l, 5*c - 2*l = 39. Let t = 9 + c. Suppose 3*z = -3*k + 5 + t, -5*z + 23 = k. What is the units digit of k?
3
Let z = -4 + 0. Let x = -2 - z. What is the units digit of x?
2
Suppose v - 12 = -3*v. Let s(c) = c - 1. Let r be s(v). What is the units digit of (13 + -3)*r/4?
5
Suppose -2*s - 11 = -2*a - 3*a, -4*s = 4*a + 8. Suppose 0 = i + 2*v + v - a, 5*i = -2*v + 44. What is the units digit of i?
0
Let p(x) = x**3 + 16*x**2 + 6*x + 4. What is the units digit of p(-15)?
9
Let u(w) = w**3 - 6*w**2 + 8*w - 4. What is the units digit of u(5)?
1
Suppose 11*f - 10*f - 34 = 0. What is the units digit of f?
4
What is the tens digit of 24/(6/2 - 2)?
2
What is the units digit of ((-3)/(-9))/(1/57)?
9
Let g be (-3)/(-1) - (-4 + 5). Suppose -17 = s - g*s. What is the units digit of s?
7
Suppose 5*t - 5*f - 20 = -f, 2*t + f = 8. Suppose -3*g - 5 = -t*w + 5, 0 = 4*g - 2*w. Suppose 5*k = 3*o + 65, g*o = 2*k + k - 39. What is the units digit of k?
3
Let u(z) = -z**2 - 13*z - 12. What is the tens digit of u(-11)?
1
Let u = 67 - 41. What is the units digit of u?
6
Suppose 42 = 11*d - 10*d. What is the units digit of d?
2
Let y(z) = 7*z**3 - 1. Let l be y(1). Let b = l - 3. Suppose 15 - 3 = b*m. What is the units digit of m?
4
Suppose -90 - 272 = -4*w - 2*o, -5*w = -3*o - 425. Suppose 3*l - w = -7. What is the units digit of l?
7
Suppose 3*f - 9 = 0, 2*u - 4*f + 3 + 1 = 0. Let z = u - 25. What is the units digit of 2 + z/((-6)/2)?
9
What is the tens digit of (-75)/(-10)*(2 + 2)?
3
Let p(u) = -u**2 + 7*u + 9. Let d be p(7). Let l = -7 + d. What is the units digit of l?
2
Let g = 315 - 103. What is the units digit of g?
2
Let g(w) = 2*w**2 + 0 - 6*w - 3*w**2 - 9. Let d be g(-7). What is the units digit of (-12)/d*(1 - -11)?
9
Suppose -3 = -t - 0*t. Suppose -j = 5*b - 9, t*b - j + 1 = -0. What is the units digit of (-1 + -8)/(-3) - b?
2
Let g be (0*3/(-6))/1. Let d = g + 5. What is the units digit of d?
5
Let x be ((-12)/8)/(3/(-76)). Suppose -5*z + x = -3*z. What is the tens digit of z?
1
Let m(q) = -q**2 + q + 1. Let d(j) = -7*j**2 + j + 6. Let y(p) = d(p) - 6*m(p). Let z be y(-5). Suppose z = 5*w - 19 - 21. What is the units digit of w?
8
Let w(o) = o - 2*o + 4 - o**2 - o - 4*o. Let s be w(-6). What is the units digit of s/(-10) - 136/(-40)?
3
Let a = 95 - 67. Suppose a = l + l. What is the tens digit of l?
1
Suppose 5*w = 2*w. Suppose w = 2*y, 2*n + 4*y - 18 = -0*y. What is the units digit of n?
9
Let y(q) = -q - 6. What is the units digit of y(-11)?
5
Let g(k) be the first derivative of -k**5/120 - k**4/12 - k**3/3 + 2. Let s(m) be the third derivative of g(m). What is the units digit of s(-9)?
7
Let k(p) = -4*p + 3. Let s be k(3). Let c(j) = j + 12. Let b be c(s). What is the tens digit of ((-34)/b)/(4/(-6))?
1
Suppose 2*p = 2, 2*p = -2*o - 13 + 43. Let q = 33 + -33. Suppose -x + q*x = -o. What is the tens digit of x?
1
Let b(s) = s**2 + 5*s - 1. Let o be (-1 - 0)*(-1 - -7). What is the units digit of b(o)?
5
Let l be (8/(-5))/(1/(-5)). Suppose 3*m + 5*k = -l, 15 + 5 = -5*k. Let p = m + -2. What is the units digit of p?
2
Suppose -3*d - 3*t + 5*t + 31 = 0, 2*t + 3 = -d. Suppose 3*q + 144 = d*q. What is the units digit of q?
6
Let d be (-28)/(-21)*(17 - -1). Suppose -d = o - 4*o. Let p = 10 - o. What is the units digit of p?
2
Suppose 5*r - 14 - 41 = 0. What is the units digit of r?
1
Let c be (-2)/(-11) - 4/22. What is the units digit of 11 + -2 + 1 - c?
0
Let v(l) = l**2 - 2*l + 3. Let c(z) = -4*z + 1. Let h be c(1). What is the tens digit of v(h)?
1
Let g be -40*((-2)/(-4) + -1). Suppose 13 = 3*h + j + j, 4*j = g. What is the units digit of h?
1
Let d(c) = c**2 - 14*c + 8. Let s be d(14). Let h = 0 + s. Let v = 5 + h. What is the tens digit of v?
1
Suppose -4*c + 20 = 4*u, u + 3*u + c - 20 = 0. Suppose 55 = 3*p + 2*q, -q + 4*q - 93 = -u*p. What is the tens digit of p?
2
Suppose -14 - 17 = -c. What is the tens digit of c?
3
Let a be 0 + 1 + 14/2. Suppose 4*f - a*f = 0. Suppose f*v + y - 1 = -v, y = -3. What is the units digit of v?
4
Suppose 0 = 3*o - 22 - 221. What is the tens digit of o?
8
Suppose 0 = 3*o - 179 + 20. What is the tens digit of o?
5
Let w be 20*2/((-24)/(-45)). Suppose 6*x - w = x. What is the units digit of x?
5
Let m = -238 + 432. What is the tens digit of m?
9
Suppose 0 = -3*a + 4*i + 1 + 9, 6 = a - 2*i. Suppose 0*s - 4*s = -8. What is the units digit of (s + a + -1)*-6?
6
Let r = -24 - -44. Suppose -3*x + 4*a = -r, 5*a = 2*x - 20 + 2. What is the units digit of x?
4
Suppose -6 = -3*x - 0*d + 3*d, -x + 2*d = 0. Let p = 3 - x. What is the units digit of (-3)/(9/15)*p?
5
Suppose o = -3*o - u + 84, 5*o = 5*u + 130. What is the units digit of o?
2
Let w = 3 - -1. Suppose v = w*v - 9. Suppose 10 - 37 = -v*x. What is the units digit of x?
9
Let l(b) = b**2 + 6*b + 11. What is the units digit of l(-9)?
8
Let o(l) = -l**2 + l + 12. Let u be o(0). Suppose 6*n - 2*n = u. Suppose -2 = n*d - 2*i - 2*i, -i + 23 = 3*d. What is the units digit of d?
6
Suppose 5*c + 4*z = 7*z - 15, 5*z = -3*c - 43. What is the units digit of 3/9 + c/(-9)?
1
Suppose -3*r + 51 = 3*a + 21, -3*a - r = -24. Let p = 11 + -6. Suppose a*o + 20 = 2*o, -p*o = -4*g + 36. What is the units digit of g?
4
Suppose 96 - 336 = 5*h + 5*j, 6 = -2*j. Let c = -29 - h. What is the tens digit of c?
1
Let s be (-54)/(-12)*(-4)/(-6). Suppose s*j - j = 72. What is the tens digit of j?
3
Let d(z) be the first derivative of z**3/3 - 4*z**2 - 4*z + 2. What is the units digit of d(9)?
5
Suppose -2*k - 5 = 7. Let a = 9 + k. Suppose -a*c + 17 = -37. What is the units digit of c?
8
Suppose 0 = -4*g - 182 - 34. Let x = g - -75. Let l = x - 13. What is the units digit of l?
8
Let x(j) = 118*j**2 - 2*j + 2. What is the hundreds digit of x(1)?
1
Let l be 35/10 - (-2)/4. Suppose -l*x = -3*j + 26, x + 4*x + 23 = -j. What is the units digit of j?
2
Let i be 645/(-6)*6/3. What is the units digit of i/(-30) - 1/6?
7
Suppose -19 + 7 = -4*c, f = -2*c + 64. What is the units digit of f?
8
Let k = 46 - 43. Let h(f) = 6*f - 1. Let a be h(1). Suppose a*l - 20 = 5*v, 3*l - 4*l - k*v + 12 = 0. What is the units digit of l?
6
Let w = -42 + 9. What is the units digit of 4/(-22) + (-138)/w?
4
What is the tens digit of 4/(6 + 2)*56?
2
Let a(t) = t**2 - 3*t + 2. Let c be a(3). Suppose k = 2*b + 4, c*b - 12 = -4*k + 4. Suppose b*m - 19 = -m - 5*u, 26 = 4*m - 5*u. What is the units digit of m?
9
Let u(y) = -3*y**3 - 4*y**2 - 4*y - 4. Let i(k) = -4*k**3 - 4*k**2 - 5*k - 4. Let m(j) = 4*i(j) - 5*u(j). What is the tens digit of m(3)?
1
Let x(t) = -t - 1. Let z(w) = 3. Let b(a) = -4*x(a) + z(a). What is the tens digit of b(6)?
3
Let c(r) = -r*